{"id":3887,"date":"2019-06-10T17:30:16","date_gmt":"2019-06-10T14:30:16","guid":{"rendered":"http:\/\/www.erdek24.com\/?page_id=3887"},"modified":"2019-06-10T17:49:45","modified_gmt":"2019-06-10T14:49:45","slug":"nobetci-eczaneler-saglik-kuruluslari","status":"publish","type":"page","link":"https:\/\/www.erdek24.com\/?page_id=3887","title":{"rendered":"N\u00f6bet\u00e7i Eczaneler &#038; Sa\u011fl\u0131k Kurulu\u015flar\u0131"},"content":{"rendered":"\n<pre class=\"wp-block-verse\"><strong>N\u00f6bet\u00e7i Eczaneler<br><\/strong>---Yak\u0131nda Yay\u0131nda---<\/pre>\n\n\n\n<p><\/p>\n\n\n\n<pre class=\"wp-block-verse\"><strong>Erdek Devlet Hastanesi<\/strong><br><br><strong>Adres: <\/strong>Yal\u0131 Mahallesi H\u00fck\u00fcmet Caddesi No:1<br>&nbsp; &nbsp; &nbsp; &nbsp; &nbsp; &nbsp; &nbsp; &nbsp; &nbsp;Erdek \/ BALIKES\u0130R<br><br><strong>Tel:&nbsp;&nbsp;<\/strong>+90 266 835 10 77<br><strong>Fax:&nbsp;<\/strong>+90 266 835 60 58<br><strong>E-Mail:&nbsp;<\/strong><a rel=\"noreferrer noopener\" href=\"https:\/\/erdekdh.saglik.gov.tr\/TR,39793\/balikesirdhs9@saglik.gov.tr\" target=\"_blank\">balikesirdhs9@saglik.gov.tr<\/a> <\/pre>\n","protected":false},"excerpt":{"rendered":"<p>N\u00f6bet\u00e7i Eczaneler&#8212;Yak\u0131nda Yay\u0131nda&#8212; Erdek Devlet HastanesiAdres: Yal\u0131 Mahallesi H\u00fck\u00fcmet Caddesi No:1&nbsp; &nbsp; &nbsp; &nbsp; &nbsp; &nbsp; &nbsp; &nbsp; &nbsp;Erdek \/ BALIKES\u0130RTel:&nbsp;&nbsp;+90 266 835 10 77Fax:&nbsp;+90 266 835 60 58E-Mail:&nbsp;balikesirdhs9@saglik.gov.tr<\/p>\n","protected":false},"author":1,"featured_media":0,"parent":0,"menu_order":0,"comment_status":"closed","ping_status":"closed","template":"","meta":[],"_links":{"self":[{"href":"https:\/\/www.erdek24.com\/index.php?rest_route=\/wp\/v2\/pages\/3887"}],"collection":[{"href":"https:\/\/www.erdek24.com\/index.php?rest_route=\/wp\/v2\/pages"}],"about":[{"href":"https:\/\/www.erdek24.com\/index.php?rest_route=\/wp\/v2\/types\/page"}],"author":[{"embeddable":true,"href":"https:\/\/www.erdek24.com\/index.php?rest_route=\/wp\/v2\/users\/1"}],"replies":[{"embeddable":true,"href":"https:\/\/www.erdek24.com\/index.php?rest_route=%2Fwp%2Fv2%2Fcomments&post=3887"}],"version-history":[{"count":2,"href":"https:\/\/www.erdek24.com\/index.php?rest_route=\/wp\/v2\/pages\/3887\/revisions"}],"predecessor-version":[{"id":3902,"href":"https:\/\/www.erdek24.com\/index.php?rest_route=\/wp\/v2\/pages\/3887\/revisions\/3902"}],"wp:attachment":[{"href":"https:\/\/www.erdek24.com\/index.php?rest_route=%2Fwp%2Fv2%2Fmedia&parent=3887"}],"curies":[{"name":"wp","href":"https:\/\/api.w.org\/{rel}","templated":true}]}}